 the remainder when z is divided by 76?
73
Let h(a) = a - 23. Let s be h(11). What is the remainder when 243 is divided by (s/8)/1*372/(-9)?
57
Suppose 5*g + 33 - 163 = 0. Calculate the remainder when (1 - 106)/(60/(-40)) + (10 - 4) is divided by g.
24
Suppose 4*r - 366 = -v, v - 265 = -2*r + 105. Calculate the remainder when v is divided by 98.
80
Let v(j) = 13*j**2 + 107*j - 1017. What is the remainder when v(10) is divided by 97?
92
Let q(u) = u**3 + 37*u**2 + 154. Let s be q(-37). Suppose 0 = -15*y + s + 161. Let c(p) = 74*p**2 + 1. What is the remainder when c(-1) is divided by y?
12
Suppose -40*d + 7157 + 74803 = 0. Calculate the remainder when d is divided by 27.
24
Suppose -30*x = 4*x + 6*x - 8280. Calculate the remainder when 692 is divided by x.
71
Suppose 22*v - 12*v - 360 = 0. Suppose -5*t + 6*f - 2*f = -11, 2*t - 5*f - 18 = 0. Let d = t + v. What is the remainder when 139 is divided by d?
34
What is the remainder when (-294)/441*1563/(-2) is divided by 348?
173
Suppose 4*j + z - 316 = 0, z - 396 = -103*j + 98*j. What is the remainder when 866 is divided by j?
66
Calculate the remainder when 1583 is divided by ((-2)/(-3))/(4/(-15))*48432/(-5045).
23
Suppose -75*s = 39*s - 20634. What is the remainder when s is divided by 56?
13
Suppose 0*d - 3*d = 4*y - 2332, 5*y + 2*d - 2929 = 0. Calculate the remainder when y is divided by 8.
5
Suppose 5*r = 4*w + 102, -54 = 10*r - 12*r - 5*w. What is the remainder when (-29845)/(-65) + 6/(-39) is divided by r?
19
Suppose 294 = 25*x + 19. What is the remainder when 120 is divided by x?
10
Suppose -3*k - 207 = 5*c - 2924, 3*k = 4*c - 2125. What is the remainder when c is divided by 96?
58
Suppose -5*b - 4335 = -4*m, -14*b = 5*m - 13*b - 5368. Calculate the remainder when m is divided by 31.
21
Suppose 5*g - m = 9*g - 9, 4*g + 2*m = 6. Suppose g*q + 2 + 31 = 0. Calculate the remainder when 2/q + (-13584)/(-176) is divided by 30.
17
Suppose 24*c + 1836 = 6*c. Let h = 110 + c. What is the remainder when 23 is divided by h?
7
What is the remainder when 138 is divided by (-9)/6*4300/(-75)?
52
Suppose -17*s = -16*s + 107. Let n = -81 - s. Let k = 22 + 28. What is the remainder when k is divided by n?
24
Let d = -72 + 147. Suppose d*l - 83*l = -136. Suppose 0 = -4*t + 8 + 12. Calculate the remainder when l is divided by t.
2
Let v(q) = -77*q**2 + 467*q + 25. What is the remainder when 132 is divided by v(6)?
22
Calculate the remainder when 2337 is divided by (-4)/(-1)*-2 + (46 - -22).
57
Suppose 36 = 2*d + 4*o, -5*d + 2*o + 152 = 50. Suppose 4*j - 112 = -d. Calculate the remainder when 27 is divided by j.
4
Let h = 9434 - 8163. Calculate the remainder when h is divided by 20.
11
Suppose 14 = -14*u + 2156. Suppose -4*a + 0 = -20. Suppose -2*d = -a*v + 205, -6*v + 3*d + 93 = -4*v. What is the remainder when u is divided by v?
36
Suppose -9935*m - 2916 = -9947*m. What is the remainder when m is divided by 140?
103
Suppose -4*n = -n - 6. Suppose n*t - t = 98. Suppose -35*o - 30*o + 1113 + 512 = 0. What is the remainder when t is divided by o?
23
Let j = -35515 + 35894. Calculate the remainder when j is divided by 43.
35
Let p(j) = 3*j**2 + 3*j + 277. Calculate the remainder when 570 is divided by p(0).
16
Let j = -10494 + 10581. Calculate the remainder when 626 is divided by j.
17
Suppose g = 5*g - 512. Suppose -5*n = -2*d + 5, -n - 47 = -16*d + 11*d. What is the remainder when g is divided by d?
8
Suppose -784 = -17*y + 83. Suppose 11*s = -78 + 210. What is the remainder when y is divided by s?
3
Let v(j) = 1 - 6 + 3*j - 8 + 4. Let t = -462 + 489. What is the remainder when t is divided by v(8)?
12
Suppose 0 = 4*f + 3*q - 24, 0 = f - q + 3*q - 6. Calculate the remainder when ((-522)/4)/(-3) - 150/100 is divided by f.
0
Let l(d) = 7 + 19*d**2 + 22*d**2 - 38*d**2 - 6*d. What is the remainder when l(-4) is divided by 40?
39
Suppose 432*a - 428*a = 208. Let h(y) = 8*y + 3. Suppose 2*q = -4*w + 16, -2*w + q = -1 - 3. What is the remainder when a is divided by h(w)?
25
Calculate the remainder when 4764 is divided by (9/7 + -3)/((-105)/980).
12
Let g = 1842 + -1617. Calculate the remainder when 845 is divided by g.
170
What is the remainder when (3 + 116/(-20))/((-137)/19865) is divided by 60?
46
Let c = 10841 - 10268. What is the remainder when c is divided by 137?
25
Suppose 3*q = -2*q, 4*n = -2*q + 68. What is the remainder when (-22)/(-22)*-8 - -206 is divided by n?
11
Suppose -2*s + 452 = d - 0*d, 3*d + s = 1351. Suppose -10*o + d = 5*o. Let k = o - 25. Calculate the remainder when 5 is divided by k.
0
Let a(k) = k**2 - 4*k - 5. Let o be a(7). Suppose 0 = 3*w - o + 4, -2*w + 116 = 3*q. What is the remainder when q is divided by 22?
14
Let u = 9403 - 9376. Calculate the remainder when 59 is divided by u.
5
Let u(o) = 198*o**3 + 2*o**2 - 1. Suppose -2*v + 14 = -j - 4, 0 = 5*v + j - 52. Suppose -13*n + v*n + 3 = 0. What is the remainder when u(n) is divided by 40?
39
Suppose -2*i - 46 = -2*w, w = 3*i - w + 64. Let a be 15 + 0 + i + 19. Let b = 192 + a. Calculate the remainder when b is divided by 42.
40
Suppose 5*l - 429 + 1023 = 3*v, 0 = 4*v + l - 792. What is the remainder when v is divided by 88?
22
Suppose 3*m - 5 = -d, 3*m = 3*d + d + 55. Calculate the remainder when d*100/(-2)*1/4 is divided by 36.
17
Let d = -65 - 91. Let i = 188 + d. Calculate the remainder when 124 is divided by i.
28
Calculate the remainder when 2067 is divided by (-120)/(-25)*(-145)/(-87).
3
Suppose 549*x = 550*x - 89. What is the remainder when x is divided by 14?
5
Let u(a) = -9 - 8*a + a**2 - 5 + 2 + 0. Let r be u(9). Let p = r + 13. What is the remainder when 19 is divided by p?
9
Let d = -388 - -753. Suppose 2 = k - 2*n - 52, -4*n = 16. What is the remainder when d is divided by k?
43
Let n(a) = -35*a**2 - 2*a. Let j be n(-4). Let i = 577 + j. What is the remainder when i is divided by 14?
11
Suppose -51*h = -59*h + 24. Let r(a) = 3*a**3 - 9. Suppose 8*g - 5*g = 111. Calculate the remainder when r(h) is divided by g.
35
Suppose -8*r = -10*r + h + 312, -h - 786 = -5*r. Let d = -72 + 82. Suppose d*x - 220 = -x. Calculate the remainder when r is divided by x.
18
Let i = -1866 - -2043. What is the remainder when i is divided by 98?
79
Let h = 1 + 2. Let u = h - -17. Suppose -12*k + 356 + 1048 = 0. Calculate the remainder when k is divided by u.
17
Suppose -4*g + g - 3 = 0. Suppose -3*k = -3, 3*o - 953*k + 956*k - 57 = 0. Calculate the remainder when g/4 + 554/8 is divided by o.
15
Suppose 0 = 4*i + i - 500. Suppose -4*d - i = -316. Calculate the remainder when d is divided by 8.
6
Let b(h) = -h**2 + 33*h - 65. Suppose 0 = -2*v - 1 - 1, 5*v - 55 = -2*w. Calculate the remainder when 247 is divided by b(w).
22
Suppose o + 33*a - 275 = 29*a, 8*o = -a + 2355. What is the remainder when 4123 is divided by o?
288
Let n = -59 + 57. Let a(p) = p**2 - 5*p - 9. Let r be a(n). Suppose s - 3*j = 50, r*j - 140 = -2*s + 3*j. Calculate the remainder when s is divided by 23.
19
Let f = 221 - 223. Let s(d) = 37*d**2 + 4*d - 2. What is the remainder when s(f) is divided by 35?
33
Suppose 15 = -12*j + 123. What is the remainder when ((-2)/(-12))/((-5)/30150*-15) is divided by j?
4
Let c = -6932 + 6948. What is the remainder when 367 is divided by c?
15
Suppose 53*d - 65*d + 36 = 0. Suppose -3*c - 3*q + 75 = 0, -1 = d*q + 5. What is the remainder when c is divided by 17?
10
Suppose -3*d - 60 = 3*d. Let b(q) = 4*q**2 + 9*q - 30. Let x be b(d). Let r = x - 139. What is the remainder when r is divided by 16?
13
Suppose -12*f - 56 = -13*f - 4*g, -f - g = -50. Let v(l) = -2*l**2 - 17*l - 7. What is the remainder when f is divided by v(-7)?
6
Suppose 31*p = -3*p + 2482. Let v be (-16)/(-10) - 8/(-20). Suppose p = 2*a - 3*c, 4*a - c - 131 = v*c. Calculate the remainder when 115 is divided by a.
28
Suppose -12 = 3*n, 74*n - 288 = -2*a + 72*n. Calculate the remainder when 284 is divided by a.
136
Let p(d) = -41*d - 157. Let w be p(-7). Suppose w*i + 780 = 136*i. Calculate the remainder when i is divided by 19.
16
Let z = -9632 - -11938. What is the remainder when z is divided by 762?
20
Let h = -3859 - -4035. What is the remainder when 349 is divided by h?
173
Suppose 5*d = 5*m - 1545, 0*m = 2*m + 4*d - 606. What is the remainder when m is divided by 2?
1
Ca